illions digit of 17225697?
7
What is the hundreds digit of 125492?
4
What is the ten thousands digit of 4949289?
4
What is the hundreds digit of 106742?
7
What is the hundreds digit of 2073097?
0
What is the units digit of 35827?
7
What is the thousands digit of 25824772?
4
What is the units digit of 10636618?
8
What is the units digit of 174308?
8
What is the hundred thousands digit of 6051069?
0
What is the ten thousands digit of 1956775?
5
What is the units digit of 169212?
2
What is the units digit of 155229?
9
What is the tens digit of 539269?
6
What is the tens digit of 381672?
7
What is the units digit of 3088746?
6
What is the thousands digit of 620827?
0
What is the hundred thousands digit of 42207347?
2
What is the ten thousands digit of 10489172?
8
What is the thousands digit of 476867?
6
What is the hundreds digit of 116405?
4
What is the ten thousands digit of 58680?
5
What is the ten thousands digit of 4748331?
4
What is the tens digit of 2180742?
4
What is the thousands digit of 891535?
1
What is the millions digit of 1307240?
1
What is the ten thousands digit of 1614155?
1
What is the units digit of 9148622?
2
What is the ten thousands digit of 1216329?
1
What is the hundreds digit of 608495?
4
What is the millions digit of 20313512?
0
What is the thousands digit of 3349187?
9
What is the thousands digit of 24139634?
9
What is the tens digit of 1442602?
0
What is the units digit of 215919?
9
What is the hundred thousands digit of 8060062?
0
What is the ten thousands digit of 750988?
5
What is the hundred thousands digit of 2777385?
7
What is the ten thousands digit of 338720?
3
What is the ten thousands digit of 466250?
6
What is the units digit of 672014?
4
What is the tens digit of 159995?
9
What is the ten thousands digit of 2707710?
0
What is the millions digit of 3986463?
3
What is the hundred thousands digit of 496631?
4
What is the ten thousands digit of 1949440?
4
What is the thousands digit of 826037?
6
What is the hundred thousands digit of 1981509?
9
What is the hundreds digit of 313250?
2
What is the thousands digit of 439754?
9
What is the units digit of 9716407?
7
What is the hundreds digit of 29965272?
2
What is the millions digit of 7680421?
7
What is the millions digit of 6848400?
6
What is the hundred thousands digit of 1278591?
2
What is the hundreds digit of 10481819?
8
What is the ten thousands digit of 2663417?
6
What is the ten thousands digit of 83955?
8
What is the thousands digit of 892927?
2
What is the ten thousands digit of 2582395?
8
What is the thousands digit of 57093?
7
What is the ten thousands digit of 75533?
7
What is the thousands digit of 863711?
3
What is the hundred thousands digit of 467652?
4
What is the hundred thousands digit of 788104?
7
What is the thousands digit of 894063?
4
What is the tens digit of 63766?
6
What is the ten millions digit of 15513100?
1
What is the ten thousands digit of 4509019?
0
What is the tens digit of 2022?
2
What is the tens digit of 255239?
3
What is the ten thousands digit of 1435084?
3
What is the hundred thousands digit of 694530?
6
What is the tens digit of 376754?
5
What is the thousands digit of 2812543?
2
What is the ten thousands digit of 30656?
3
What is the millions digit of 4894923?
4
What is the units digit of 105016?
6
What is the tens digit of 412737?
3
What is the ten thousands digit of 649073?
4
What is the hundred thousands digit of 512675?
5
What is the hundreds digit of 229271?
2
What is the ten thousands digit of 1668237?
6
What is the hundred thousands digit of 356453?
3
What is the hundred thousands digit of 11024967?
0
What is the hundred thousands digit of 1620373?
6
What is the hundred thousands digit of 677052?
6
What is the units digit of 15699851?
1
What is the ten millions digit of 14364678?
1
What is the thousands digit of 136495?
6
What is the ten thousands digit of 13121076?
2
What is the units digit of 1116144?
4
What is the millions digit of 17718866?
7
What is the hundreds digit of 48881?
8
What is the thousands digit of 3873178?
3
What is the thousands digit of 108738?
8
What is the hundred thousands digit of 26417731?
4
What is the ten millions digit of 12879307?
1
What is the hundreds digit of 29662954?
9
What is the ten thousands digit of 8736208?
3
What is the hundreds digit of 2100330?
3
What is the hundred thousands digit of 316014?
3
What is the hundreds digit of 862590?
5
What is the hundred thousands digit of 20639944?
6
What is the hundreds digit of 2252802?
8
What is the units digit of 21586?
6
What is the tens digit of 1844062?
6
What is the thousands digit of 92206?
2
What is the thousands digit of 150352?
0
What is the hundred thousands digit of 16237891?
2
What is the thousands digit of 5891071?
1
What is the hundreds digit of 592212?
2
What is the thousands digit of 39637?
9
What is the units digit of 17774049?
9
What is the millions digit of 9028562?
9
What is the thousands digit of 5626947?
6
What is the thousands digit of 14912083?
2
What is the ten thousands digit of 203925?
0
What is the thousands digit of 120924?
0
What is the hundreds digit of 10430?
4
What is the hundred thousands digit of 8478581?
4
What is the tens digit of 21387424?
2
What is the ten thousands digit of 443415?
4
What is the thousands digit of 239593?
9
What is the hundreds digit of 664028?
0
What is the tens digit of 1506866?
6
What is the thousands digit of 472082?
2
What is the thousands digit of 840125?
0
What is the hundreds digit of 7024567?
5
What is the thousands digit of 2712732?
2
What is the hundreds digit of 1769122?
1
What is the hundreds digit of 5665333?
3
What is the units digit of 427160?
0
What is the ten thousands digit of 1143123?
4
What is the ten thousands digit of 14913?
1
What is the ten thousands digit of 340506?
4
What is the ten thousands digit of 278154?
7
What is the hundred thousands digit of 402612?
4
What is the hundreds digit of 967817?
8
What is the hundred thousands digit of 729631?
7
What is the hundred thousands digit of 1191174?
1
What is the hundreds digit of 1316532?
5
What is the ten thousands digit of 84124?
8
What is the ten thousands digit of 2130795?
3
What is the tens digit of 807103?
0
What is the thousands digit of 184259?
4
What is the hundred thousands digit of 487438?
4
What is the thousands digit of 647243?
7
What is the hundred thousands digit of 11447845?
4
What is the tens digit of 620675?
7
What is the tens digit of 4412805?
0
What is the ten thousands digit of 4042890?
4
What is the units digit of 1952538?
8
What is the ten thousands digit of 3851477?
5
What is the hundred thousands digit of 14514185?
5
What is the tens digit of 5075046?
4
What is the hundred thousands digit of 130791?
1
What is the ten thousands digit of 2842203?
4
What is the thousands digit of 437741?
7
What is the hundreds digit of 19217845?
8
What is the thousands digit of 131249?
1
What is the hundreds digit of 510278?
2
What is the hundred thousands digit of 596485?
5
What is the millions digit of 1006388?
1
What is the hundred thousands digit of 1599516?
5
What is the tens digit of 2413662?
6
What is the hundreds digit of 2322802?
8
What is the units digit of 925533?
3
What is the tens digit of 526237?
3
What is the hundreds digit of 306348?
3
What is the ten thousands digit of 98552?
9
What is the hundred thousands digit of 3091077?
0
What is the thousands digit of 19002956?
2
What is the units digit of 16218986?
6
What is the thousands digit of 9287881?
7
What is the hundred thousands digit of 1318026?
3
What is the hundred thousands digit of 476688?
4
What is the ten thousands digit of 519962?
1
What is the units digit of 244591?
1
What is the hundreds digit of 38909128?
1
What is the millions digit of 35184780?
5
What is the units digit of 2150387?
7
What is the millions digit of 2509164?
2
What is the thousands digit of 5844302?
4
What is the units digit of 5671984?
4
What is the millions digit of 2945992?
2
What is the ten thousands digit of 183618?
8
What is the units digit of 906463?
3
What is the thousands digit of 361884?
1
What is the hundreds digit of 1012067?
0
What is the hundreds digit of 976611?
6
What is the thousands digit of 42967?
2
What is the tens digit of 49872?
7
What 